e
Is 1478/22 - (-12)/(-66) a composite number?
False
Suppose -l = l + 2. Let q = l + -1. Is 2 + 1/(q/(-22)) a composite number?
False
Let d = 167 + 227. Is d composite?
True
Suppose 0 = 2*p + 2*y - 296, 3*y - 241 = 4*p - 812. Is p prime?
False
Suppose 11*o - 127 = 10*o. Is o a composite number?
False
Suppose -u = -2*q - 29, 5*q + 21 = 2*u - 33. Is u composite?
False
Let t = -1246 + 2612. Suppose 0*n - t = -2*n. Is n a prime number?
True
Let g(b) = 43*b - 2. Let q be (5/3)/(1/3). Is g(q) a prime number?
False
Suppose a = 5*a. Suppose -4*z + 44 = -a. Is z composite?
False
Suppose -5*u - 223 - 431 = -4*o, 0 = -5*o - 20. Let f = -10 - u. Suppose s + 3*s = f. Is s a composite number?
False
Suppose 2*g + 12429 = 11*g. Is g prime?
True
Let m(z) = z + 14. Let d be m(-9). Let p = d - 2. Suppose q + 189 = p*q - k, -5*k - 169 = -2*q. Is q a prime number?
True
Suppose -3 - 29 = 2*h. Let a be (-2)/5 + (-234)/(-10). Let q = a + h. Is q a prime number?
True
Let a(v) = 3*v**3 + 5*v - 5. Let s(i) = i**3 + 2*i - 2. Let l(k) = 3*a(k) - 8*s(k). Let x = 11 - 8. Is l(x) a composite number?
True
Suppose d - 4*d = -3747. Is d prime?
True
Let t(u) be the third derivative of 0 + 0*u + 1/6*u**3 + 1/30*u**5 - 1/4*u**4 - u**2. Is t(5) a composite number?
True
Suppose 0 = p + 5*p - 3846. Is p a composite number?
False
Suppose -9 = 5*u + 6. Let z(f) = -f**2 - 5*f - 2. Let c be z(u). Suppose 2*y - 5*p - 105 = 0, y + 2*p - 53 - c = 0. Is y composite?
True
Let v(p) = -152*p**3 - 2*p**2 + p. Let i be v(1). Let s = 12 - 8. Let x = s - i. Is x a composite number?
False
Let z(q) = q**3 - 3*q**2 - 4*q + 5. Let c be z(4). Suppose 0*v - 4*u = -v + 25, 2*u + 20 = 2*v. Suppose 0*j - c*j + 860 = v*w, -25 = 5*j. Is w a prime number?
False
Suppose 9*d - 1472 = -c + 4*d, -2*c + 2952 = 2*d. Is c composite?
True
Let x = 64 + 192. Let k = 3 + x. Is k composite?
True
Let l(n) = n + 26. Let f be 0/((-3 - -4)*-1). Is l(f) a prime number?
False
Suppose -456 = -2*j - 86. Is j composite?
True
Suppose 0 = 2*g + 4*g + 36. Is (-1 + (-3)/g)*-526 prime?
True
Let z = 4 - -2. Let u be (-9)/z*(-4)/3. Suppose -u*c - 14 = -5*d + 31, d + c - 2 = 0. Is d prime?
True
Let u(d) = -11*d + 12. Is u(-9) a prime number?
False
Let c(q) = -q**3 - 3*q**2 + q - 3. Let i be c(-3). Let h(o) = -49*o + 13. Is h(i) composite?
False
Let h(q) = -q + 3. Let o be h(-7). Is 1572/10 - 2/o a prime number?
True
Let l(n) = -14*n**3 + 3*n**2 + n + 1. Suppose 2*x = -3*o + 2, 2*o + 0*x + 8 = x. Is l(o) a prime number?
False
Suppose -6 - 4 = 5*b. Let i = -231 + 113. Is b/2 - i/2 a prime number?
False
Suppose u = -4*b - 0 + 4, 6 = -b - 2*u. Is (-1491)/(-14) - b/4 a prime number?
False
Let t(v) = 26*v + 3. Is t(10) composite?
False
Let m(p) = -3*p + 13. Let i be m(-10). Let d = 82 - i. Is d a prime number?
False
Is 2 - (-29)/(2*1/26) a composite number?
False
Let d(n) = 2*n + 37. Is d(0) a composite number?
False
Let z(y) = -2*y - 3. Let o be z(-3). Suppose -a = -l - 0*a + 1, 0 = -o*a - 3. Suppose -u + 2 = -l*u. Is u composite?
False
Is -3 + 7794 + -3 + 1 composite?
False
Suppose -3*m = 2*y - 252, 580 = 4*y + 5*m + 74. Is 8/(-10) - y/(-5) a prime number?
False
Let c = 1244 - 765. Is c a composite number?
False
Let z = 24 - 11. Suppose -h - 6 = -3*h, -h + z = u. Is u a prime number?
False
Let s(a) = 159*a + 1. Let r be s(4). Suppose g = -2*n + 448, 5*g + 22 = 3*n - r. Is n prime?
True
Suppose -4*x + x = 0. Suppose -4*f + x*y - 3*y + 323 = 0, 4*f = -2*y + 318. Is f a prime number?
False
Suppose -f + 5*x = -165, -f + x = -4*f + 559. Is f prime?
False
Let d = 845 + 470. Is d composite?
True
Suppose 5*i - 1 = i + 3*r, 3*i - r = 7. Let q be (-1)/i + (-9)/(-4). Suppose q*n - n = 33. Is n prime?
False
Let s be (-903)/14*(-4)/3. Suppose -5*l + s - 16 = 0. Is l prime?
False
Let s be 177/5 - 10/25. Is 6/3 + 0 + s a composite number?
False
Let i be (-1)/((-74)/(-36) - 2). Let m = -4 - i. Is m a composite number?
True
Let v = 319 - 102. Is v a prime number?
False
Let r(i) = 2*i**3 - i**2 - 2*i - 2. Let y be r(4). Let b be (0/1 - 0) + y. Suppose -4*p - 2*m + 204 = 0, 2*p = -0*m + m + b. Is p a composite number?
True
Suppose 0 = 2*r + 10, -3*r = 3*w - 2*r + 2. Is 0 + 3 - (w - 185) a prime number?
False
Let l = -1409 - -2452. Is l prime?
False
Let r(a) = 6*a**2. Let m = 6 - 5. Is r(m) a prime number?
False
Let c be 4/(-14) - (-3314)/(-14). Is 3/(708/c - -3) a prime number?
False
Suppose a + a = v - 3, a - 12 = -4*v. Suppose -2*u = -4*h + 468, 332 = v*h - 2*u - 17. Is h a prime number?
False
Suppose 6*h = 3*h + 420. Let c be (-10 - -1)*h/(-15). Let u = -47 + c. Is u composite?
False
Let h(y) = -y**3 + 7*y**2 + 3. Let v be h(7). Let c be (46/v)/((-3)/(-72)). Suppose 5*x = c + 27. Is x a prime number?
True
Let k = -43 + 153. Let v(n) = -n**3 + 5*n**2 + 7*n - 2. Let o be v(5). Let z = k - o. Is z prime?
False
Suppose -5*h = 5, 3*b + h + 4 = 4*b. Let z = b + 34. Is z a composite number?
False
Suppose -5*z - 3 = -18. Let w be -27 + (-6)/z - 1. Let m = 61 + w. Is m a prime number?
True
Suppose 21927 - 2767 = 8*i. Is i a prime number?
False
Let f(a) be the second derivative of -a**3/2 - 3*a. Let y be f(-1). Suppose 8*g = y*g + 635. Is g prime?
True
Let t be (18/(-8))/(4/16). Let z(j) = j**3 + 10*j**2 + 11*j + 7. Let y be z(t). Let d = 62 + y. Is d composite?
True
Let g(o) = -o**3 - 3*o**2 + 2*o. Let q be g(-4). Let v(w) = -3*w**2 - 2*w**3 + 1 + 12*w - 6*w**2 + 3*w**3 - 2. Is v(q) prime?
True
Suppose -4*b + 2149 = -3*o, o - 346 - 721 = -2*b. Is b a prime number?
False
Let o = 275 - 136. Is o composite?
False
Suppose -16 = 3*t - 5*c, 7*c = 4*c + 6. Is 334 - (t + -2) - -3 a composite number?
True
Let b = 1268 - 499. Is b a composite number?
False
Let r = 7 - 3. Let a(s) = -s + 4. Let g be a(r). Suppose g = 5*o + 4*w - 0*w - 595, 3*o - 357 = 4*w. Is o prime?
False
Let c = 427 - -733. Let q be (-2)/3 + c/(-15). Let b = 155 + q. Is b composite?
True
Is (2 + -28)/((-2)/67) a prime number?
False
Let x(z) = z**3 - 4*z**2 + 4*z. Let p be x(3). Suppose p*m + 1 - 13 = 0. Suppose 0 = -0*t - m*t + 5*r + 947, 4*t + 3*r - 923 = 0. Is t prime?
True
Is (7 + -8)*(-2360 - (0 - -1)) prime?
False
Suppose -2*w - 46 = -2*b + 3*w, 23 = b + w. Suppose -12 - 4 = -s. Let h = b - s. Is h prime?
True
Let n(k) be the second derivative of -k**3/6 - k**2/2 - k. Let b be n(-3). Suppose 3*t = b*t + 6. Is t prime?
False
Suppose 4*x = 20, 0*n + 3*x + 236 = n. Is n prime?
True
Suppose -3*w - 2*y + 6*y = 319, -97 = w + y. Let v be (-1)/(9/(-150))*-9. Let r = w - v. Is r composite?
True
Let k be -3 - ((-20)/4)/1. Suppose -o + 180 = -w, 2*o - 3*o + k*w = -175. Is o a composite number?
True
Suppose 2*k = 214 + 678. Suppose 2*w = -0*w + k. Is w a composite number?
False
Let j be (-4)/(-16) + (-10)/8. Let i be (-9)/(-6)*8/6. Is (i - j) + (-46)/(-2) composite?
True
Suppose 5*a = -0*a. Suppose 3 = -t, t = 4*q - a*t - 143. Suppose 2*g - q = 67. Is g a prime number?
False
Let z be (20/(-8))/((-3)/6). Suppose 4*f - 2*f + z*c = 85, 4*f + c = 215. Is f composite?
True
Suppose 5*a - m = -27 - 14, 0 = -3*a - m - 23. Let s(g) = -g - 5. Let c be s(a). Suppose v = 2*b + 49, -6*b + 202 = c*v - b. Is v composite?
False
Suppose -5*c = -2*p - 2*c - 3, p - c + 3 = 0. Let v(o) = -o - 4. Let g be v(p). Suppose 87 = g*w + 25. Is w a composite number?
False
Let h(b) = -2*b + b + 2 - 1. Let t be h(2). Is 0 + -17*3*t prime?
False
Let z(c) = 12*c**2 - 6*c - 3 - 1 - 7 - c**3 - 3*c**2. Let l be z(8). Suppose -2*m = -4*d + 214, l*m = -3 - 2. Is d composite?
False
Suppose 3*i - 6 = i. Is (-677)/(i - 2 - 2) a prime number?
True
Let o(a) = -3*a + 955. Is o(0) a composite number?
True
Is ((-5)/15)/((-1)/447) a prime number?
True
Suppose 5*a = -4 + 9. Is (6 + 1)/1*a a prime number?
True
Let p(l) = 19*l - 4. Let i be p(-3). Suppose 3*c = c - 78. Let x = c - i. Is x a composite number?
True
Suppose 5*r - 31 + 6 = 0. Suppose -v + 125 = -w, 0 = r*v - 0*v + 4*w - 643. Is v a composite number?
False
Let g = -940 - -1599. Is g a prime number?
True
Suppose 11 = -5*c - 4. Let n be (1 - -2)/c - -4. Is (1*55)/(n + -2) a composite number?
True
Suppose 48 = 2*v - 4*n, v + n + 2*n - 24 = 0. Let l = -23 + 34. Let d = v - l. Is d prime?
True
Let m(q) = -q**3 + 2*q + 599. Is m(0) a prime number?
True
Suppose 4*g - 2*g = 0. Suppose g = s - 15 - 0. Is 